m be 111/9 - (-4)/(-12). Let p be ((-1)/(-2))/((-3)/m). Let s(o) = o**2 + o. Determine s(p).
2
Let n(r) = -4*r**3 - 2*r**2 - 2*r - 1. Let q(a) = -a**3 - 9*a**2 - 6*a + 15. Suppose 5*f + 17 = -4*w, -2*w + 5*f - 55 = 3*w. Let h be q(w). Determine n(h).
3
Let d(v) be the second derivative of -v**4/12 + v**2/2 + 3*v. Let u(t) = -t**3 + 6*t**2 - t + 4. Let k be u(6). Calculate d(k).
-3
Let m(v) = 7*v + 3. Let i(u) = -u**2 - 5*u - 2. Let l be i(-3). Suppose 2*t + h = 3*h - l, -t - 4*h = 2. Determine m(t).
-11
Let h(o) = 5*o**2 - 1. Let u(n) = -n**3 + 13*n**2 - 11*n - 5. Let i be u(12). Suppose -1 = 3*g - i, 4*y + 2*g = 0. Determine h(y).
4
Suppose -10*f = -15*f + 20. Let l be 2/(-7) + (-16)/(-7). Let a(y) = -y**l - y + 4*y + 0*y + 3. What is a(f)?
-1
Let z(j) = -3*j**3 - 6*j**2 - 5*j - 2. Let y(u) = 4*u**3 + 7*u**2 + 5*u + 2. Let p(r) = 2*y(r) + 3*z(r). Let f = -8 - -5. Calculate p(f).
4
Let o(y) = 3*y**2 - 8*y - 9. Let w(h) = -h**2 + 3*h + 3. Let b(d) = 3*o(d) + 8*w(d). Give b(-4).
13
Let s(m) be the first derivative of m**3/3 + m**2 - 11. What is s(-2)?
0
Let l(k) be the third derivative of -k**5/60 - 3*k**4/8 + 2*k**3/3 + 14*k**2. What is l(-9)?
4
Let h(z) = -z**2 - 1. Let v(i) = -i**2 + 6*i. Let l(o) = 2*h(o) - v(o). Suppose 0 = 18*k - 12*k + 36. Determine l(k).
-2
Suppose -2*x + 4*x + 6 = 0. Let p(r) = r**2 + 2*r. What is p(x)?
3
Let g be ((-36)/135)/(4/(-10)). Let t(j) be the first derivative of 2 - g*j**3 + 1/4*j**4 - 3/2*j**2 - j. Determine t(3).
-1
Let f(l) = l**3 - l**2 - l - 1. Let h(i) = 5*i**3 - 10*i**2 - 4*i - 10. Let b = -7 - -8. Let o(m) = b*h(m) - 4*f(m). Determine o(6).
-6
Let m(d) = 1. Let x(o) = 2*o**2 + o - 5. Let v(s) = 6*m(s) + x(s). Give v(-1).
2
Let a(b) = 12*b - 18 + 2*b**2 + 5 - 3*b**2. Give a(11).
-2
Let m(l) be the first derivative of -l**4/4 + 2*l**3/3 + 5*l**2/2 - 4*l + 24. What is m(3)?
2
Let g(z) = -z**3 - 6*z**2 - 5*z - 5. Let w(u) = 3*u**3 + 12*u**2 + 10*u + 10. Let k(a) = 5*g(a) + 2*w(a). Calculate k(7).
9
Suppose 0 = -4*v + 22 + 6. Let p = v - 9. Let i(s) = 2*s + 1. Calculate i(p).
-3
Let i be 1 - (0 + 2) - -2. Let o(m) be the second derivative of 0*m**3 + 0 - 1/12*m**4 + 0*m**2 - m. What is o(i)?
-1
Let s(o) = 5 - o**2 + 2*o + 2*o + 5. Calculate s(7).
-11
Let s(p) = 5*p + 1. Let n(c) = -2*c. Let u = -9 - -1. Let t be 2/(0 - 2/3). Let w(m) = t*s(m) + u*n(m). Determine w(4).
1
Suppose 0*h - 5*h + 5*y + 35 = 0, -5*y - 25 = -3*h. Let f(m) = m**2 - 4*m + 3. Let g(k) = k**2 - 4*k + 3. Let b(l) = 3*f(l) - 2*g(l). Calculate b(h).
8
Let p = 2 - 2. Suppose p = -2*h - 0*h - 10. Let i(v) = 2*v + 6. Calculate i(h).
-4
Let o(c) = c - 10. Suppose 24 = 5*f + 2*x, 3*f + 4*x - 8*x = 30. Determine o(f).
-4
Let u(q) be the third derivative of -q**8/3360 + q**7/2520 + q**6/360 + q**5/120 + q**4/12 - 3*q**2. Let g(z) be the second derivative of u(z). Give g(2).
-7
Let i be 0/(-2) - 3/1. Let u(j) = -j**3 + 6*j**2 + 6*j + 9. Let s be u(7). Let q(f) = -s*f + 3*f**3 + f - 2 + 3*f**2 - 2*f**3. Give q(i).
1
Let t(f) = -2 + 7 + 0 - 6 + 3*f. Let l be (-2)/(-2)*-3 + 1. Determine t(l).
-7
Let w(f) = f**3 - f - 3. Suppose -4*t = 2*l - 8, -l + 5*t - 2 = 8. Let x(u) = u - 2 - u**2 + 2 + u**3. Let n be x(l). Determine w(n).
-3
Let r(t) = -19*t**2 + 2 + 5*t - 2 + 20*t**2. Let i be r(-4). Let x(u) = 2*u + 6. Determine x(i).
-2
Let p(n) = -1 - 4 - 12*n + 4 + 3*n. What is p(1)?
-10
Let t(h) be the third derivative of -5*h**4/24 + h**3/3 - 11*h**2. Give t(-2).
12
Let s = -8 - -4. Let k be 1/(-3)*(s + 4). Let y(c) be the second derivative of c**5/20 - c**4/12 - c**3/6 - 3*c**2/2 - c. Determine y(k).
-3
Let l(s) = 2*s + 6. Let v be (-2)/(((-36)/8)/(-9)). Calculate l(v).
-2
Let f(o) = -o**3 + 12*o**2 + 14*o - 10. Let m be f(13). Let w(n) = 10 + n**2 + 4*n**m - 3*n**3 - 2*n**3 + 2*n**3. What is w(0)?
10
Let y(d) = 2*d + 12 - 28 + 7. Calculate y(6).
3
Let h(l) = 2*l**2 - l. Let o be 2/4 + (-22)/(-4). Let p = o - 7. Give h(p).
3
Let k(h) = -h**2 + h + 29 + 4*h - 26 - 3*h. What is k(-2)?
-5
Let a = -7 + -2. Let j be a/(-2) - 7/14. Let t(d) = 4*d - 6*d + 0*d**3 + 5*d**2 - d**3 - 4. Calculate t(j).
4
Let u(v) = 2*v**3 + 5*v**2 - 3. Let g(k) = k**2 + 3*k - 1. Let f be g(-3). Let j(d) = d**3 + d**2 - d - 1. Let b(y) = f*u(y) + 3*j(y). Determine b(3).
0
Let f(v) be the second derivative of v**4/6 + v**3/6 + v**2/2 + 7*v + 6. Determine f(-1).
2
Let t(x) = -x**2 + 6*x + 6. Let g be t(5). Let n = g - 7. Let j be 12/2 - (4 - n). Let i(m) = -m**2 + 6*m + 7. Calculate i(j).
7
Let p(d) = d**2 + 13*d - 18. Let s(m) = -5*m**2 - 66*m + 91. Let i(b) = -11*p(b) - 2*s(b). Give i(-12).
4
Let k = -7 - -10. Let v be 9/(-1)*k/9. Let j(m) = -m**2 - m + 2. Give j(v).
-4
Let h be 2/8 + (-21)/(-12). Suppose 0 = 2*a - a - 1, 5*a + 11 = 4*j. Suppose 2*n = j + h. Let x(g) = -g**3 + 5*g**2 - 3*g + 2. What is x(n)?
11
Let l(v) = v + 2*v + 1 - 3 - 6*v. Let j(y) = -y - 4. Let h be j(0). What is l(h)?
10
Let q(g) = -5*g**3 - 3*g**2 + 9. Let n(j) = 4*j. Let x be n(1). Let h(o) = o**3 - o**2 - o - 1. Let s(a) = x*h(a) + q(a). Give s(-6).
-7
Let g be (-2)/(-8) + 63/(-12). Let c be (2 - -1) + (-5 - -3). Let n(i) = -2*i - c - i + 4*i. Determine n(g).
-6
Suppose 2*m + 17 - 1 = 0. Let r = m - -11. Let l(p) = -2*p**2 + 5*p - 4. Calculate l(r).
-7
Let m(o) = o - 2*o + 2*o - 6*o**3 + 2*o**2. Let t(b) = 2*b**2 + 17*b - 10. Let u be t(-9). Calculate m(u).
7
Let h(z) = -5*z**2 + 2*z - 7. Let q(p) = p**2 + 1. Let b(o) = h(o) + 4*q(o). Calculate b(3).
-6
Let d(v) be the third derivative of v**4/6 - 9*v**2. Determine d(4).
16
Let m(p) = 3*p + 6. Suppose 5*d = -13 - 12. Calculate m(d).
-9
Let m(v) = -v**2 - 9*v + 8. Let y(s) = -2*s**2 - 10*s + 8. Let z(j) = 3*m(j) - 2*y(j). Determine z(7).
8
Let m = 36 - 15. Let t = m - -9. Let p be (-5)/(t/4)*6. Let l(z) = z + 4. Give l(p).
0
Let g(r) = -r**2 - 7*r - 5. Let q = 8 + -4. Let n be (6/q)/((-3)/8). Determine g(n).
7
Let n(p) = p**3 - 2*p**2 + 4*p - 2. Let j = -8 - -6. Let w(d) = d**2 - 11 + 5 + 4. Let a be w(j). What is n(a)?
6
Let h(m) = m**3 - m**2 - m**2 + 0*m**3 + 1. Suppose -n + w = -6, 2*n - 5*w + 4*w - 7 = 0. Determine h(n).
0
Let l(h) = h**2 - 7. Let k be 12/(-30) + 2/5. What is l(k)?
-7
Let h(s) = 1. Let t be (-2 - (-5)/3)*3. Let y(i) = i - 6. Let k(g) = t*y(g) + h(g). Calculate k(4).
3
Let g(y) = -11*y**3 + 2*y**2 - 8. Let k(o) = 7*o**3 - o**2 + 5. Let r(b) = -5*g(b) - 8*k(b). Give r(-1).
-1
Let w(v) be the third derivative of -v**5/15 + 19*v**4/24 - 2*v**3 - 3*v**2. Let j(t) = 3*t**2 - 13*t + 8. Let b(g) = 7*j(g) + 5*w(g). Calculate b(-5).
1
Suppose 9*o = -17 - 28. Let m(y) = y**3 + 6*y**2 + 7*y + 5. Determine m(o).
-5
Let n(w) = -2*w + 2*w - w - 5. Determine n(-6).
1
Suppose 0 = 5*r - 0*r - 25. Suppose -3*i - 2 = 1. Let n be (-10)/r + (i - -4). Let w(p) = 6*p**2 + p - 1. Calculate w(n).
6
Let z(o) = 8*o - 2. Let y be z(4). Suppose 0*k - y = -2*k. Suppose j + 0*j + k = -5*l, -3*l = 2*j + 16. Let t(n) = n**2 + 4*n - 7. Give t(j).
-2
Let y(v) = -3*v**3 + 8*v**2 + 6*v + 10. Let k(d) = -7*d**3 + 17*d**2 + 13*d + 21. Let r(p) = -4*k(p) + 9*y(p). Determine r(-4).
-2
Let d(y) be the first derivative of y + 5/2*y**2 - 5/3*y**3 - 1 + 1/4*y**4. Determine d(4).
5
Let n(b) = -2*b. Suppose 0 = 2*g - 0*f + 2*f - 2, -4*f = -3*g + 24. What is n(g)?
-8
Let i(g) = 1. Let n(l) = -4 - 1 + 1 - l. Let o(d) = 2*i(d) + n(d). Let a(f) = -f**2 - 2*f + 3. Let w be a(2). Give o(w).
3
Let j be 2/6 - 42/(-9). Let f = j + -3. Let o be (-1*(f + -3))/1. Let a(y) = y**2 + y - 1. Determine a(o).
1
Let i(s) = s**3 + 8*s**2 + 8*s + 9. Suppose 0*t + 2*b = 2*t + 10, -4*t = -5*b + 18. Determine i(t).
2
Suppose 5*y = 3 + 17. Suppose 0 = 2*s - 6*s + 3*x + 1, -s = -5*x + y. Let m(p) = -4*p**2 - 1. Give m(s).
-5
Let o(c) = 4*c - 2. Let q be o(-2). Let m = q + 15. Let r(b) = -2 + 2*b - m - 1 + 6. Determine r(-2).
-6
Let i(h) = -h**2 - h + 1. Let l(w) = -w + 4. Let t be l(0). Suppose 4*g = -2*v - 20, -g + 0*v + 4 = -t*v. Give i(g).
-11
Let j(w) = -w**3 - 10*w**2 - 2. Let q be j(-10). Let f(d) = 4*d**2 - 2*d - 1. Calculate f(q).
19
Let q(l) = 10*l**2 - 28*l**2 + 7*l**2 + 8*l**2. Determine q(2).
-12
Let y(f) = 6*f - 9. Let u(v) = -v + 1. Let n(a) = -5*u(a) - y(a). Let q be (2 + -4)*2/(-1). Suppose -1 - 15 = q*c. Calculate n(c).
8
Let l(x) = 4*x + 6 - x**3 - 2*x**2 + 6*x**2 + 1. Let a = -36 - -4